{"id":28647,"date":"2021-01-21T10:41:10","date_gmt":"2021-01-21T13:41:10","guid":{"rendered":"https:\/\/centrodeyogalarueda.com.ar\/online\/?post_type=product&#038;p=28647"},"modified":"2025-04-10T12:49:41","modified_gmt":"2025-04-10T15:49:41","slug":"meditaciones-yoga-nidra","status":"publish","type":"product","link":"https:\/\/centrodeyogalarueda.com.ar\/online\/item\/meditaciones-yoga-nidra\/","title":{"rendered":"Meditaciones de Yoga Nidra"},"content":{"rendered":"<p>El acceso a las clases y meditaciones tiene vigencia por tres meses . El precio est\u00e1 en Pesos Argentinos.<\/p>\n<p>Para acceder a las clases y meditaciones, luego de finalizar tu compra podr\u00e1s ingresar con tu email y contrase\u00f1a y buscando en la secci\u00f3n &#8220;Mis clases&#8221; encontrar\u00e1s los videos.<\/p>\n<p>El pago se realiza por transferencia o dep\u00f3sito bancario. Si est\u00e1s en otro pa\u00eds, consult\u00e1 para otras opciones de pago.<\/p>\n<p>Para consultas, escribinos completando el <a href=\"https:\/\/centrodeyogalarueda.com.ar\/online\/contacto\/\" target=\"_blank\" rel=\"noopener\">formulario<\/a>.<\/p>\n","protected":false},"excerpt":{"rendered":"<p>Conceptos b\u00e1sicos del Yoga Nidra y meditaciones guiadas.<\/p>\n","protected":false},"featured_media":28648,"template":"","meta":{"_uag_custom_page_level_css":"","site-sidebar-layout":"default","site-content-layout":"default","ast-site-content-layout":"default","site-content-style":"default","site-sidebar-style":"default","ast-global-header-display":"","ast-banner-title-visibility":"","ast-main-header-display":"","ast-hfb-above-header-display":"","ast-hfb-below-header-display":"","ast-hfb-mobile-header-display":"","site-post-title":"","ast-breadcrumbs-content":"","ast-featured-img":"","footer-sml-layout":"","ast-disable-related-posts":"","theme-transparent-header-meta":"default","adv-header-id-meta":"","stick-header-meta":"default","header-above-stick-meta":"","header-main-stick-meta":"","header-below-stick-meta":"","astra-migrate-meta-layouts":"set","ast-page-background-enabled":"default","ast-page-background-meta":{"desktop":{"background-color":"","background-image":"","background-repeat":"repeat","background-position":"center center","background-size":"auto","background-attachment":"scroll","background-type":"","background-media":"","overlay-type":"","overlay-color":"","overlay-opacity":"","overlay-gradient":""},"tablet":{"background-color":"","background-image":"","background-repeat":"repeat","background-position":"center center","background-size":"auto","background-attachment":"scroll","background-type":"","background-media":"","overlay-type":"","overlay-color":"","overlay-opacity":"","overlay-gradient":""},"mobile":{"background-color":"","background-image":"","background-repeat":"repeat","background-position":"center center","background-size":"auto","background-attachment":"scroll","background-type":"","background-media":"","overlay-type":"","overlay-color":"","overlay-opacity":"","overlay-gradient":""}},"ast-content-background-meta":{"desktop":{"background-color":"var(--ast-global-color-5)","background-image":"","background-repeat":"repeat","background-position":"center center","background-size":"auto","background-attachment":"scroll","background-type":"","background-media":"","overlay-type":"","overlay-color":"","overlay-opacity":"","overlay-gradient":""},"tablet":{"background-color":"var(--ast-global-color-5)","background-image":"","background-repeat":"repeat","background-position":"center center","background-size":"auto","background-attachment":"scroll","background-type":"","background-media":"","overlay-type":"","overlay-color":"","overlay-opacity":"","overlay-gradient":""},"mobile":{"background-color":"var(--ast-global-color-5)","background-image":"","background-repeat":"repeat","background-position":"center center","background-size":"auto","background-attachment":"scroll","background-type":"","background-media":"","overlay-type":"","overlay-color":"","overlay-opacity":"","overlay-gradient":""}}},"product_brand":[],"product_cat":[15],"product_tag":[],"class_list":{"0":"post-28647","1":"product","2":"type-product","3":"status-publish","4":"has-post-thumbnail","6":"product_cat-clases","7":"desktop-align-left","8":"tablet-align-left","9":"mobile-align-left","10":"ast-product-gallery-layout-horizontal","11":"ast-product-gallery-with-no-image","12":"ast-magnify-disabled","13":"ast-product-tabs-layout-horizontal","15":"first","16":"instock","17":"virtual","18":"sold-individually","19":"purchasable","20":"product-type-course"},"yoast_head":"<!-- This site is optimized with the Yoast SEO plugin v27.5 - https:\/\/yoast.com\/product\/yoast-seo-wordpress\/ -->\n<title>Meditaciones de Yoga Nidra | Centro La Rueda Online<\/title>\n<meta name=\"robots\" content=\"noindex, nofollow\" \/>\n<meta property=\"og:locale\" content=\"es_ES\" \/>\n<meta property=\"og:type\" content=\"article\" \/>\n<meta property=\"og:title\" content=\"Meditaciones de Yoga Nidra | Centro La Rueda Online\" \/>\n<meta property=\"og:description\" content=\"Conceptos b\u00e1sicos del Yoga Nidra y meditaciones guiadas.\" \/>\n<meta property=\"og:url\" content=\"https:\/\/centrodeyogalarueda.com.ar\/online\/item\/meditaciones-yoga-nidra\/\" \/>\n<meta property=\"og:site_name\" content=\"Centro La Rueda Online\" \/>\n<meta property=\"article:publisher\" content=\"https:\/\/www.facebook.com\/actualizarteonline\" \/>\n<meta property=\"article:modified_time\" content=\"2025-04-10T15:49:41+00:00\" \/>\n<meta property=\"og:image\" content=\"https:\/\/centrodeyogalarueda.com.ar\/online\/wp-content\/uploads\/2021\/01\/curso-yoga-nidra.jpg\" \/>\n\t<meta property=\"og:image:width\" content=\"640\" \/>\n\t<meta property=\"og:image:height\" content=\"360\" \/>\n\t<meta property=\"og:image:type\" content=\"image\/jpeg\" \/>\n<meta name=\"twitter:card\" content=\"summary_large_image\" \/>\n<meta name=\"twitter:label1\" content=\"Tiempo de lectura\" \/>\n\t<meta name=\"twitter:data1\" content=\"1 minuto\" \/>\n<script type=\"application\/ld+json\" class=\"yoast-schema-graph\">{\"@context\":\"https:\\\/\\\/schema.org\",\"@graph\":[{\"@type\":\"WebPage\",\"@id\":\"https:\\\/\\\/centrodeyogalarueda.com.ar\\\/online\\\/item\\\/meditaciones-yoga-nidra\\\/\",\"url\":\"https:\\\/\\\/centrodeyogalarueda.com.ar\\\/online\\\/item\\\/meditaciones-yoga-nidra\\\/\",\"name\":\"Meditaciones de Yoga Nidra | Centro La Rueda Online\",\"isPartOf\":{\"@id\":\"https:\\\/\\\/centrodeyogalarueda.com.ar\\\/online\\\/#website\"},\"primaryImageOfPage\":{\"@id\":\"https:\\\/\\\/centrodeyogalarueda.com.ar\\\/online\\\/item\\\/meditaciones-yoga-nidra\\\/#primaryimage\"},\"image\":{\"@id\":\"https:\\\/\\\/centrodeyogalarueda.com.ar\\\/online\\\/item\\\/meditaciones-yoga-nidra\\\/#primaryimage\"},\"thumbnailUrl\":\"https:\\\/\\\/centrodeyogalarueda.com.ar\\\/online\\\/wp-content\\\/uploads\\\/2021\\\/01\\\/curso-yoga-nidra.jpg\",\"datePublished\":\"2021-01-21T13:41:10+00:00\",\"dateModified\":\"2025-04-10T15:49:41+00:00\",\"breadcrumb\":{\"@id\":\"https:\\\/\\\/centrodeyogalarueda.com.ar\\\/online\\\/item\\\/meditaciones-yoga-nidra\\\/#breadcrumb\"},\"inLanguage\":\"es\",\"potentialAction\":[{\"@type\":\"ReadAction\",\"target\":[\"https:\\\/\\\/centrodeyogalarueda.com.ar\\\/online\\\/item\\\/meditaciones-yoga-nidra\\\/\"]}]},{\"@type\":\"ImageObject\",\"inLanguage\":\"es\",\"@id\":\"https:\\\/\\\/centrodeyogalarueda.com.ar\\\/online\\\/item\\\/meditaciones-yoga-nidra\\\/#primaryimage\",\"url\":\"https:\\\/\\\/centrodeyogalarueda.com.ar\\\/online\\\/wp-content\\\/uploads\\\/2021\\\/01\\\/curso-yoga-nidra.jpg\",\"contentUrl\":\"https:\\\/\\\/centrodeyogalarueda.com.ar\\\/online\\\/wp-content\\\/uploads\\\/2021\\\/01\\\/curso-yoga-nidra.jpg\",\"width\":640,\"height\":360},{\"@type\":\"BreadcrumbList\",\"@id\":\"https:\\\/\\\/centrodeyogalarueda.com.ar\\\/online\\\/item\\\/meditaciones-yoga-nidra\\\/#breadcrumb\",\"itemListElement\":[{\"@type\":\"ListItem\",\"position\":1,\"name\":\"Portada\",\"item\":\"https:\\\/\\\/centrodeyogalarueda.com.ar\\\/online\\\/\"},{\"@type\":\"ListItem\",\"position\":2,\"name\":\"Tienda\",\"item\":\"https:\\\/\\\/centrodeyogalarueda.com.ar\\\/online\\\/tienda\\\/\"},{\"@type\":\"ListItem\",\"position\":3,\"name\":\"Meditaciones de Yoga Nidra\"}]},{\"@type\":\"WebSite\",\"@id\":\"https:\\\/\\\/centrodeyogalarueda.com.ar\\\/online\\\/#website\",\"url\":\"https:\\\/\\\/centrodeyogalarueda.com.ar\\\/online\\\/\",\"name\":\"Centro La Rueda Online\",\"description\":\"Clases, Cursos y Formaciones Online.\",\"publisher\":{\"@id\":\"https:\\\/\\\/centrodeyogalarueda.com.ar\\\/online\\\/#organization\"},\"potentialAction\":[{\"@type\":\"SearchAction\",\"target\":{\"@type\":\"EntryPoint\",\"urlTemplate\":\"https:\\\/\\\/centrodeyogalarueda.com.ar\\\/online\\\/?s={search_term_string}\"},\"query-input\":{\"@type\":\"PropertyValueSpecification\",\"valueRequired\":true,\"valueName\":\"search_term_string\"}}],\"inLanguage\":\"es\"},{\"@type\":\"Organization\",\"@id\":\"https:\\\/\\\/centrodeyogalarueda.com.ar\\\/online\\\/#organization\",\"name\":\"Centro La Rueda Online\",\"url\":\"https:\\\/\\\/centrodeyogalarueda.com.ar\\\/online\\\/\",\"logo\":{\"@type\":\"ImageObject\",\"inLanguage\":\"es\",\"@id\":\"https:\\\/\\\/centrodeyogalarueda.com.ar\\\/online\\\/#\\\/schema\\\/logo\\\/image\\\/\",\"url\":\"https:\\\/\\\/centrodeyogalarueda.com.ar\\\/online\\\/wp-content\\\/uploads\\\/2021\\\/01\\\/larueda.png\",\"contentUrl\":\"https:\\\/\\\/centrodeyogalarueda.com.ar\\\/online\\\/wp-content\\\/uploads\\\/2021\\\/01\\\/larueda.png\",\"width\":360,\"height\":140,\"caption\":\"Centro La Rueda Online\"},\"image\":{\"@id\":\"https:\\\/\\\/centrodeyogalarueda.com.ar\\\/online\\\/#\\\/schema\\\/logo\\\/image\\\/\"},\"sameAs\":[\"https:\\\/\\\/www.facebook.com\\\/actualizarteonline\",\"https:\\\/\\\/www.instagram.com\\\/actualizarteonline\\\/\",\"https:\\\/\\\/www.linkedin.com\\\/company\\\/actualizarteonline\",\"https:\\\/\\\/www.youtube.com\\\/channel\\\/UCzA49ryCoez4fCSZwPuRopw\"]}]}<\/script>\n<!-- \/ Yoast SEO plugin. -->","yoast_head_json":{"title":"Meditaciones de Yoga Nidra | Centro La Rueda Online","robots":{"index":"noindex","follow":"nofollow"},"og_locale":"es_ES","og_type":"article","og_title":"Meditaciones de Yoga Nidra | Centro La Rueda Online","og_description":"Conceptos b\u00e1sicos del Yoga Nidra y meditaciones guiadas.","og_url":"https:\/\/centrodeyogalarueda.com.ar\/online\/item\/meditaciones-yoga-nidra\/","og_site_name":"Centro La Rueda Online","article_publisher":"https:\/\/www.facebook.com\/actualizarteonline","article_modified_time":"2025-04-10T15:49:41+00:00","og_image":[{"width":640,"height":360,"url":"https:\/\/centrodeyogalarueda.com.ar\/online\/wp-content\/uploads\/2021\/01\/curso-yoga-nidra.jpg","type":"image\/jpeg"}],"twitter_card":"summary_large_image","twitter_misc":{"Tiempo de lectura":"1 minuto"},"schema":{"@context":"https:\/\/schema.org","@graph":[{"@type":"WebPage","@id":"https:\/\/centrodeyogalarueda.com.ar\/online\/item\/meditaciones-yoga-nidra\/","url":"https:\/\/centrodeyogalarueda.com.ar\/online\/item\/meditaciones-yoga-nidra\/","name":"Meditaciones de Yoga Nidra | Centro La Rueda Online","isPartOf":{"@id":"https:\/\/centrodeyogalarueda.com.ar\/online\/#website"},"primaryImageOfPage":{"@id":"https:\/\/centrodeyogalarueda.com.ar\/online\/item\/meditaciones-yoga-nidra\/#primaryimage"},"image":{"@id":"https:\/\/centrodeyogalarueda.com.ar\/online\/item\/meditaciones-yoga-nidra\/#primaryimage"},"thumbnailUrl":"https:\/\/centrodeyogalarueda.com.ar\/online\/wp-content\/uploads\/2021\/01\/curso-yoga-nidra.jpg","datePublished":"2021-01-21T13:41:10+00:00","dateModified":"2025-04-10T15:49:41+00:00","breadcrumb":{"@id":"https:\/\/centrodeyogalarueda.com.ar\/online\/item\/meditaciones-yoga-nidra\/#breadcrumb"},"inLanguage":"es","potentialAction":[{"@type":"ReadAction","target":["https:\/\/centrodeyogalarueda.com.ar\/online\/item\/meditaciones-yoga-nidra\/"]}]},{"@type":"ImageObject","inLanguage":"es","@id":"https:\/\/centrodeyogalarueda.com.ar\/online\/item\/meditaciones-yoga-nidra\/#primaryimage","url":"https:\/\/centrodeyogalarueda.com.ar\/online\/wp-content\/uploads\/2021\/01\/curso-yoga-nidra.jpg","contentUrl":"https:\/\/centrodeyogalarueda.com.ar\/online\/wp-content\/uploads\/2021\/01\/curso-yoga-nidra.jpg","width":640,"height":360},{"@type":"BreadcrumbList","@id":"https:\/\/centrodeyogalarueda.com.ar\/online\/item\/meditaciones-yoga-nidra\/#breadcrumb","itemListElement":[{"@type":"ListItem","position":1,"name":"Portada","item":"https:\/\/centrodeyogalarueda.com.ar\/online\/"},{"@type":"ListItem","position":2,"name":"Tienda","item":"https:\/\/centrodeyogalarueda.com.ar\/online\/tienda\/"},{"@type":"ListItem","position":3,"name":"Meditaciones de Yoga Nidra"}]},{"@type":"WebSite","@id":"https:\/\/centrodeyogalarueda.com.ar\/online\/#website","url":"https:\/\/centrodeyogalarueda.com.ar\/online\/","name":"Centro La Rueda Online","description":"Clases, Cursos y Formaciones Online.","publisher":{"@id":"https:\/\/centrodeyogalarueda.com.ar\/online\/#organization"},"potentialAction":[{"@type":"SearchAction","target":{"@type":"EntryPoint","urlTemplate":"https:\/\/centrodeyogalarueda.com.ar\/online\/?s={search_term_string}"},"query-input":{"@type":"PropertyValueSpecification","valueRequired":true,"valueName":"search_term_string"}}],"inLanguage":"es"},{"@type":"Organization","@id":"https:\/\/centrodeyogalarueda.com.ar\/online\/#organization","name":"Centro La Rueda Online","url":"https:\/\/centrodeyogalarueda.com.ar\/online\/","logo":{"@type":"ImageObject","inLanguage":"es","@id":"https:\/\/centrodeyogalarueda.com.ar\/online\/#\/schema\/logo\/image\/","url":"https:\/\/centrodeyogalarueda.com.ar\/online\/wp-content\/uploads\/2021\/01\/larueda.png","contentUrl":"https:\/\/centrodeyogalarueda.com.ar\/online\/wp-content\/uploads\/2021\/01\/larueda.png","width":360,"height":140,"caption":"Centro La Rueda Online"},"image":{"@id":"https:\/\/centrodeyogalarueda.com.ar\/online\/#\/schema\/logo\/image\/"},"sameAs":["https:\/\/www.facebook.com\/actualizarteonline","https:\/\/www.instagram.com\/actualizarteonline\/","https:\/\/www.linkedin.com\/company\/actualizarteonline","https:\/\/www.youtube.com\/channel\/UCzA49ryCoez4fCSZwPuRopw"]}]}},"uagb_featured_image_src":{"full":["https:\/\/centrodeyogalarueda.com.ar\/online\/wp-content\/uploads\/2021\/01\/curso-yoga-nidra.jpg",640,360,false],"thumbnail":["https:\/\/centrodeyogalarueda.com.ar\/online\/wp-content\/uploads\/2021\/01\/curso-yoga-nidra-400x225.jpg",400,225,true],"medium":["https:\/\/centrodeyogalarueda.com.ar\/online\/wp-content\/uploads\/2021\/01\/curso-yoga-nidra-350x197.jpg",350,197,true],"medium_large":["https:\/\/centrodeyogalarueda.com.ar\/online\/wp-content\/uploads\/2021\/01\/curso-yoga-nidra.jpg",640,360,false],"large":["https:\/\/centrodeyogalarueda.com.ar\/online\/wp-content\/uploads\/2021\/01\/curso-yoga-nidra.jpg",640,360,false],"1536x1536":["https:\/\/centrodeyogalarueda.com.ar\/online\/wp-content\/uploads\/2021\/01\/curso-yoga-nidra.jpg",640,360,false],"2048x2048":["https:\/\/centrodeyogalarueda.com.ar\/online\/wp-content\/uploads\/2021\/01\/curso-yoga-nidra.jpg",640,360,false],"woocommerce_thumbnail":["https:\/\/centrodeyogalarueda.com.ar\/online\/wp-content\/uploads\/2021\/01\/curso-yoga-nidra-338x190.jpg",338,190,true],"woocommerce_single":["https:\/\/centrodeyogalarueda.com.ar\/online\/wp-content\/uploads\/2021\/01\/curso-yoga-nidra-600x338.jpg",600,338,true],"woocommerce_gallery_thumbnail":["https:\/\/centrodeyogalarueda.com.ar\/online\/wp-content\/uploads\/2021\/01\/curso-yoga-nidra-100x100.jpg",100,100,true]},"uagb_author_info":{"display_name":"Admin","author_link":"https:\/\/centrodeyogalarueda.com.ar\/online\/author\/"},"uagb_comment_info":0,"uagb_excerpt":"Conceptos b\u00e1sicos del Yoga Nidra y meditaciones guiadas.","_links":{"self":[{"href":"https:\/\/centrodeyogalarueda.com.ar\/online\/wp-json\/wp\/v2\/product\/28647","targetHints":{"allow":["GET"]}}],"collection":[{"href":"https:\/\/centrodeyogalarueda.com.ar\/online\/wp-json\/wp\/v2\/product"}],"about":[{"href":"https:\/\/centrodeyogalarueda.com.ar\/online\/wp-json\/wp\/v2\/types\/product"}],"wp:featuredmedia":[{"embeddable":true,"href":"https:\/\/centrodeyogalarueda.com.ar\/online\/wp-json\/wp\/v2\/media\/28648"}],"wp:attachment":[{"href":"https:\/\/centrodeyogalarueda.com.ar\/online\/wp-json\/wp\/v2\/media?parent=28647"}],"wp:term":[{"taxonomy":"product_brand","embeddable":true,"href":"https:\/\/centrodeyogalarueda.com.ar\/online\/wp-json\/wp\/v2\/product_brand?post=28647"},{"taxonomy":"product_cat","embeddable":true,"href":"https:\/\/centrodeyogalarueda.com.ar\/online\/wp-json\/wp\/v2\/product_cat?post=28647"},{"taxonomy":"product_tag","embeddable":true,"href":"https:\/\/centrodeyogalarueda.com.ar\/online\/wp-json\/wp\/v2\/product_tag?post=28647"}],"curies":[{"name":"wp","href":"https:\/\/api.w.org\/{rel}","templated":true}]}}