{"id":25473,"date":"2020-06-11T20:49:51","date_gmt":"2020-06-11T23:49:51","guid":{"rendered":"https:\/\/escuelashineon.com\/?page_id=25473"},"modified":"2021-01-07T16:00:10","modified_gmt":"2021-01-07T19:00:10","slug":"carrito","status":"publish","type":"page","link":"https:\/\/centrodeyogalarueda.com.ar\/online\/carrito\/","title":{"rendered":"Carrito"},"content":{"rendered":"\n\n\n\n<hr class=\"wp-block-separator is-style-wide\"\/>\n\n\n\n<h3 class=\"wp-block-heading\">\u00bfTen\u00e9s alguna pregunta?<\/h3>\n\n\n\n<section class=\"wp-block-uagb-columns uagb-columns__wrap uagb-columns__background-undefined uagb-columns__stack-mobile uagb-columns__valign-undefined uagb-columns__gap-10 alignundefined uagb-block-ce54bef1\"><div class=\"uagb-columns__overlay\"><\/div><div class=\"uagb-columns__inner-wrap uagb-columns__columns-2\">\n<div class=\"wp-block-uagb-column uagb-column__wrap uagb-column__background-undefined uagb-block-2f0428e7\"><div class=\"uagb-column__overlay\"><\/div><div class=\"uagb-column__inner-wrap\">\n<p><strong>\u00bfC\u00faales son las formas de pago?<\/strong><br>Por transferencia o dep\u00f3sito bancario. Si est\u00e1s en otro pa\u00eds, consultanos.<\/p>\n\n\n\n<p><strong>\u00bfC\u00f3mo borro un producto del carrito?<\/strong><br>A la izquierda encontrar\u00e1s un cruz, que al clickear borra el producto.<\/p>\n\n\n\n<p><\/p>\n<\/div><\/div>\n\n\n\n<div class=\"wp-block-uagb-column uagb-column__wrap uagb-column__background-undefined uagb-block-71ed111b\"><div class=\"uagb-column__overlay\"><\/div><div class=\"uagb-column__inner-wrap\">\n<p><strong>\u00bfQue hago luego de finalizar la compra?<\/strong><br>Recibir\u00e1s un email con los detalles de tu compra. Para acceder al curso o la clase, ingres\u00e1 con tu email y contrase\u00f1a y b\u00fascalos en la secci\u00f3n &#8220;Mis clases&#8221; y ya podr\u00e1s verlos.<\/p>\n\n\n\n<p><strong>\u00bfD\u00f3nde puedo hacer una consulta?<\/strong><br>Escribinos a trav\u00e9s del <a href=\"https:\/\/centrodeyogalarueda.com.ar\/contacto\/\" target=\"_blank\" rel=\"noreferrer noopener\">formulario<\/a>.<\/p>\n<\/div><\/div>\n<\/div><\/section>\n","protected":false},"excerpt":{"rendered":"<p>\u00bfTen\u00e9s alguna pregunta? \u00bfC\u00faales son las formas de pago?Por transferencia o dep\u00f3sito bancario. Si est\u00e1s en otro pa\u00eds, consultanos. \u00bfC\u00f3mo borro un producto del carrito?A la izquierda encontrar\u00e1s un cruz, que al clickear borra el producto. \u00bfQue hago luego de finalizar la compra?Recibir\u00e1s un email con los detalles de tu compra. Para acceder al curso [&hellip;]<\/p>\n","protected":false},"author":13,"featured_media":0,"parent":0,"menu_order":0,"comment_status":"closed","ping_status":"closed","template":"","meta":{"_uag_custom_page_level_css":"","site-sidebar-layout":"default","site-content-layout":"default","ast-site-content-layout":"default","site-content-style":"default","site-sidebar-style":"default","ast-global-header-display":"","ast-banner-title-visibility":"","ast-main-header-display":"","ast-hfb-above-header-display":"","ast-hfb-below-header-display":"","ast-hfb-mobile-header-display":"","site-post-title":"","ast-breadcrumbs-content":"","ast-featured-img":"","footer-sml-layout":"","ast-disable-related-posts":"","theme-transparent-header-meta":"default","adv-header-id-meta":"","stick-header-meta":"default","header-above-stick-meta":"","header-main-stick-meta":"","header-below-stick-meta":"","astra-migrate-meta-layouts":"default","ast-page-background-enabled":"default","ast-page-background-meta":{"desktop":{"background-color":"","background-image":"","background-repeat":"repeat","background-position":"center center","background-size":"auto","background-attachment":"scroll","background-type":"","background-media":"","overlay-type":"","overlay-color":"","overlay-opacity":"","overlay-gradient":""},"tablet":{"background-color":"","background-image":"","background-repeat":"repeat","background-position":"center center","background-size":"auto","background-attachment":"scroll","background-type":"","background-media":"","overlay-type":"","overlay-color":"","overlay-opacity":"","overlay-gradient":""},"mobile":{"background-color":"","background-image":"","background-repeat":"repeat","background-position":"center center","background-size":"auto","background-attachment":"scroll","background-type":"","background-media":"","overlay-type":"","overlay-color":"","overlay-opacity":"","overlay-gradient":""}},"ast-content-background-meta":{"desktop":{"background-color":"var(--ast-global-color-5)","background-image":"","background-repeat":"repeat","background-position":"center center","background-size":"auto","background-attachment":"scroll","background-type":"","background-media":"","overlay-type":"","overlay-color":"","overlay-opacity":"","overlay-gradient":""},"tablet":{"background-color":"var(--ast-global-color-5)","background-image":"","background-repeat":"repeat","background-position":"center center","background-size":"auto","background-attachment":"scroll","background-type":"","background-media":"","overlay-type":"","overlay-color":"","overlay-opacity":"","overlay-gradient":""},"mobile":{"background-color":"var(--ast-global-color-5)","background-image":"","background-repeat":"repeat","background-position":"center center","background-size":"auto","background-attachment":"scroll","background-type":"","background-media":"","overlay-type":"","overlay-color":"","overlay-opacity":"","overlay-gradient":""}},"footnotes":""},"class_list":["post-25473","page","type-page","status-publish","hentry"],"yoast_head":"<!-- This site is optimized with the Yoast SEO plugin v27.5 - https:\/\/yoast.com\/product\/yoast-seo-wordpress\/ -->\n<title>Carrito | Centro La Rueda Online<\/title>\n<meta name=\"robots\" content=\"index, follow, max-snippet:-1, max-image-preview:large, max-video-preview:-1\" \/>\n<link rel=\"canonical\" href=\"https:\/\/centrodeyogalarueda.com.ar\/online\/carrito\/\" \/>\n<meta property=\"og:locale\" content=\"es_ES\" \/>\n<meta property=\"og:type\" content=\"article\" \/>\n<meta property=\"og:title\" content=\"Carrito | Centro La Rueda Online\" \/>\n<meta property=\"og:description\" content=\"\u00bfTen\u00e9s alguna pregunta? \u00bfC\u00faales son las formas de pago?Por transferencia o dep\u00f3sito bancario. Si est\u00e1s en otro pa\u00eds, consultanos. \u00bfC\u00f3mo borro un producto del carrito?A la izquierda encontrar\u00e1s un cruz, que al clickear borra el producto. \u00bfQue hago luego de finalizar la compra?Recibir\u00e1s un email con los detalles de tu compra. Para acceder al curso [&hellip;]\" \/>\n<meta property=\"og:url\" content=\"https:\/\/centrodeyogalarueda.com.ar\/online\/carrito\/\" \/>\n<meta property=\"og:site_name\" content=\"Centro La Rueda Online\" \/>\n<meta property=\"article:publisher\" content=\"https:\/\/www.facebook.com\/actualizarteonline\" \/>\n<meta property=\"article:modified_time\" content=\"2021-01-07T19:00:10+00:00\" \/>\n<meta name=\"twitter:card\" content=\"summary_large_image\" \/>\n<meta name=\"twitter:label1\" content=\"Tiempo de lectura\" \/>\n\t<meta name=\"twitter:data1\" content=\"1 minuto\" \/>\n<script type=\"application\/ld+json\" class=\"yoast-schema-graph\">{\"@context\":\"https:\\\/\\\/schema.org\",\"@graph\":[{\"@type\":\"WebPage\",\"@id\":\"https:\\\/\\\/centrodeyogalarueda.com.ar\\\/online\\\/carrito\\\/\",\"url\":\"https:\\\/\\\/centrodeyogalarueda.com.ar\\\/online\\\/carrito\\\/\",\"name\":\"Carrito | Centro La Rueda Online\",\"isPartOf\":{\"@id\":\"https:\\\/\\\/centrodeyogalarueda.com.ar\\\/online\\\/#website\"},\"datePublished\":\"2020-06-11T23:49:51+00:00\",\"dateModified\":\"2021-01-07T19:00:10+00:00\",\"breadcrumb\":{\"@id\":\"https:\\\/\\\/centrodeyogalarueda.com.ar\\\/online\\\/carrito\\\/#breadcrumb\"},\"inLanguage\":\"es\",\"potentialAction\":[{\"@type\":\"ReadAction\",\"target\":[\"https:\\\/\\\/centrodeyogalarueda.com.ar\\\/online\\\/carrito\\\/\"]}]},{\"@type\":\"BreadcrumbList\",\"@id\":\"https:\\\/\\\/centrodeyogalarueda.com.ar\\\/online\\\/carrito\\\/#breadcrumb\",\"itemListElement\":[{\"@type\":\"ListItem\",\"position\":1,\"name\":\"Portada\",\"item\":\"https:\\\/\\\/centrodeyogalarueda.com.ar\\\/online\\\/\"},{\"@type\":\"ListItem\",\"position\":2,\"name\":\"Carrito\"}]},{\"@type\":\"WebSite\",\"@id\":\"https:\\\/\\\/centrodeyogalarueda.com.ar\\\/online\\\/#website\",\"url\":\"https:\\\/\\\/centrodeyogalarueda.com.ar\\\/online\\\/\",\"name\":\"Centro La Rueda Online\",\"description\":\"Clases, Cursos y Formaciones Online.\",\"publisher\":{\"@id\":\"https:\\\/\\\/centrodeyogalarueda.com.ar\\\/online\\\/#organization\"},\"potentialAction\":[{\"@type\":\"SearchAction\",\"target\":{\"@type\":\"EntryPoint\",\"urlTemplate\":\"https:\\\/\\\/centrodeyogalarueda.com.ar\\\/online\\\/?s={search_term_string}\"},\"query-input\":{\"@type\":\"PropertyValueSpecification\",\"valueRequired\":true,\"valueName\":\"search_term_string\"}}],\"inLanguage\":\"es\"},{\"@type\":\"Organization\",\"@id\":\"https:\\\/\\\/centrodeyogalarueda.com.ar\\\/online\\\/#organization\",\"name\":\"Centro La Rueda Online\",\"url\":\"https:\\\/\\\/centrodeyogalarueda.com.ar\\\/online\\\/\",\"logo\":{\"@type\":\"ImageObject\",\"inLanguage\":\"es\",\"@id\":\"https:\\\/\\\/centrodeyogalarueda.com.ar\\\/online\\\/#\\\/schema\\\/logo\\\/image\\\/\",\"url\":\"https:\\\/\\\/centrodeyogalarueda.com.ar\\\/online\\\/wp-content\\\/uploads\\\/2021\\\/01\\\/larueda.png\",\"contentUrl\":\"https:\\\/\\\/centrodeyogalarueda.com.ar\\\/online\\\/wp-content\\\/uploads\\\/2021\\\/01\\\/larueda.png\",\"width\":360,\"height\":140,\"caption\":\"Centro La Rueda Online\"},\"image\":{\"@id\":\"https:\\\/\\\/centrodeyogalarueda.com.ar\\\/online\\\/#\\\/schema\\\/logo\\\/image\\\/\"},\"sameAs\":[\"https:\\\/\\\/www.facebook.com\\\/actualizarteonline\",\"https:\\\/\\\/www.instagram.com\\\/actualizarteonline\\\/\",\"https:\\\/\\\/www.linkedin.com\\\/company\\\/actualizarteonline\",\"https:\\\/\\\/www.youtube.com\\\/channel\\\/UCzA49ryCoez4fCSZwPuRopw\"]}]}<\/script>\n<!-- \/ Yoast SEO plugin. -->","yoast_head_json":{"title":"Carrito | Centro La Rueda Online","robots":{"index":"index","follow":"follow","max-snippet":"max-snippet:-1","max-image-preview":"max-image-preview:large","max-video-preview":"max-video-preview:-1"},"canonical":"https:\/\/centrodeyogalarueda.com.ar\/online\/carrito\/","og_locale":"es_ES","og_type":"article","og_title":"Carrito | Centro La Rueda Online","og_description":"\u00bfTen\u00e9s alguna pregunta? \u00bfC\u00faales son las formas de pago?Por transferencia o dep\u00f3sito bancario. Si est\u00e1s en otro pa\u00eds, consultanos. \u00bfC\u00f3mo borro un producto del carrito?A la izquierda encontrar\u00e1s un cruz, que al clickear borra el producto. \u00bfQue hago luego de finalizar la compra?Recibir\u00e1s un email con los detalles de tu compra. Para acceder al curso [&hellip;]","og_url":"https:\/\/centrodeyogalarueda.com.ar\/online\/carrito\/","og_site_name":"Centro La Rueda Online","article_publisher":"https:\/\/www.facebook.com\/actualizarteonline","article_modified_time":"2021-01-07T19:00:10+00:00","twitter_card":"summary_large_image","twitter_misc":{"Tiempo de lectura":"1 minuto"},"schema":{"@context":"https:\/\/schema.org","@graph":[{"@type":"WebPage","@id":"https:\/\/centrodeyogalarueda.com.ar\/online\/carrito\/","url":"https:\/\/centrodeyogalarueda.com.ar\/online\/carrito\/","name":"Carrito | Centro La Rueda Online","isPartOf":{"@id":"https:\/\/centrodeyogalarueda.com.ar\/online\/#website"},"datePublished":"2020-06-11T23:49:51+00:00","dateModified":"2021-01-07T19:00:10+00:00","breadcrumb":{"@id":"https:\/\/centrodeyogalarueda.com.ar\/online\/carrito\/#breadcrumb"},"inLanguage":"es","potentialAction":[{"@type":"ReadAction","target":["https:\/\/centrodeyogalarueda.com.ar\/online\/carrito\/"]}]},{"@type":"BreadcrumbList","@id":"https:\/\/centrodeyogalarueda.com.ar\/online\/carrito\/#breadcrumb","itemListElement":[{"@type":"ListItem","position":1,"name":"Portada","item":"https:\/\/centrodeyogalarueda.com.ar\/online\/"},{"@type":"ListItem","position":2,"name":"Carrito"}]},{"@type":"WebSite","@id":"https:\/\/centrodeyogalarueda.com.ar\/online\/#website","url":"https:\/\/centrodeyogalarueda.com.ar\/online\/","name":"Centro La Rueda Online","description":"Clases, Cursos y Formaciones Online.","publisher":{"@id":"https:\/\/centrodeyogalarueda.com.ar\/online\/#organization"},"potentialAction":[{"@type":"SearchAction","target":{"@type":"EntryPoint","urlTemplate":"https:\/\/centrodeyogalarueda.com.ar\/online\/?s={search_term_string}"},"query-input":{"@type":"PropertyValueSpecification","valueRequired":true,"valueName":"search_term_string"}}],"inLanguage":"es"},{"@type":"Organization","@id":"https:\/\/centrodeyogalarueda.com.ar\/online\/#organization","name":"Centro La Rueda Online","url":"https:\/\/centrodeyogalarueda.com.ar\/online\/","logo":{"@type":"ImageObject","inLanguage":"es","@id":"https:\/\/centrodeyogalarueda.com.ar\/online\/#\/schema\/logo\/image\/","url":"https:\/\/centrodeyogalarueda.com.ar\/online\/wp-content\/uploads\/2021\/01\/larueda.png","contentUrl":"https:\/\/centrodeyogalarueda.com.ar\/online\/wp-content\/uploads\/2021\/01\/larueda.png","width":360,"height":140,"caption":"Centro La Rueda Online"},"image":{"@id":"https:\/\/centrodeyogalarueda.com.ar\/online\/#\/schema\/logo\/image\/"},"sameAs":["https:\/\/www.facebook.com\/actualizarteonline","https:\/\/www.instagram.com\/actualizarteonline\/","https:\/\/www.linkedin.com\/company\/actualizarteonline","https:\/\/www.youtube.com\/channel\/UCzA49ryCoez4fCSZwPuRopw"]}]}},"uagb_featured_image_src":{"full":false,"thumbnail":false,"medium":false,"medium_large":false,"large":false,"1536x1536":false,"2048x2048":false,"woocommerce_thumbnail":false,"woocommerce_single":false,"woocommerce_gallery_thumbnail":false},"uagb_author_info":{"display_name":"Admin","author_link":"https:\/\/centrodeyogalarueda.com.ar\/online\/author\/cadmin\/"},"uagb_comment_info":0,"uagb_excerpt":"\u00bfTen\u00e9s alguna pregunta? \u00bfC\u00faales son las formas de pago?Por transferencia o dep\u00f3sito bancario. Si est\u00e1s en otro pa\u00eds, consultanos. \u00bfC\u00f3mo borro un producto del carrito?A la izquierda encontrar\u00e1s un cruz, que al clickear borra el producto. \u00bfQue hago luego de finalizar la compra?Recibir\u00e1s un email con los detalles de tu compra. Para acceder al curso&hellip;","_links":{"self":[{"href":"https:\/\/centrodeyogalarueda.com.ar\/online\/wp-json\/wp\/v2\/pages\/25473","targetHints":{"allow":["GET"]}}],"collection":[{"href":"https:\/\/centrodeyogalarueda.com.ar\/online\/wp-json\/wp\/v2\/pages"}],"about":[{"href":"https:\/\/centrodeyogalarueda.com.ar\/online\/wp-json\/wp\/v2\/types\/page"}],"author":[{"embeddable":true,"href":"https:\/\/centrodeyogalarueda.com.ar\/online\/wp-json\/wp\/v2\/users\/13"}],"replies":[{"embeddable":true,"href":"https:\/\/centrodeyogalarueda.com.ar\/online\/wp-json\/wp\/v2\/comments?post=25473"}],"version-history":[{"count":0,"href":"https:\/\/centrodeyogalarueda.com.ar\/online\/wp-json\/wp\/v2\/pages\/25473\/revisions"}],"wp:attachment":[{"href":"https:\/\/centrodeyogalarueda.com.ar\/online\/wp-json\/wp\/v2\/media?parent=25473"}],"curies":[{"name":"wp","href":"https:\/\/api.w.org\/{rel}","templated":true}]}}